the units digit of n?
3
Suppose 3*l = 5*s + 238, -4*s + 446 = 3*l + 2*l. What is the tens digit of l?
8
Let s = -32 - -55. What is the tens digit of -1*s/2*-2?
2
What is the units digit of 24288/297 + ((-2)/9)/(-1)?
2
Let v be 2/(2 - (-8)/(-5)). Suppose -2*n = c - 19, 0*c + v*c - 2*n = 131. What is the units digit of c?
5
Let u(x) = x - 4. Let f be u(7). Let n = -3 + f. What is the units digit of 4*(n - 21/(-12))?
7
Let z(w) be the third derivative of 13*w**5/15 - w**4/24 - 10*w**2. What is the tens digit of z(-1)?
5
Let w be 136/40 - (-2)/(-5). Suppose -w*k = -229 + 82. What is the units digit of k?
9
Let g = -43 - -334. What is the units digit of g?
1
Let o(i) = -i**2 + 8*i - 2. Let a be o(8). Let u be ((-5)/a)/((-2)/(-16)). What is the tens digit of (u/(-14))/(3/(-21))?
1
Let l be (3 - (-5)/(-2))*48. Suppose -3*m = -6*m + l. What is the units digit of m?
8
Suppose 0 = -5*l + 11 + 24. What is the units digit of l?
7
Suppose -3*j + l + 832 = 0, -3*j - 2*l - 1387 = -8*j. What is the tens digit of j?
7
Suppose -4*t - 49 = y, -3*y + 12 = -3*t - 36. Let i = -4 - t. What is the units digit of 2*i/(-3)*-1?
6
Let u be (-20)/9 - 2/(-9). What is the units digit of (-99)/(-12) - u/(-8)?
8
Suppose 0 = 3*s + 3*n - 15, -4*s - 5*n + 30 = 9. Let h be (-6)/s + 3/2. Suppose -z + h*z = -7. What is the units digit of z?
7
Let h = 9 + -5. What is the tens digit of (-935)/(-45) - h/(-18)?
2
Let k be -1 + 8 + 1 - 3. Suppose 4*w - 4 = 3*w. Suppose -3*d + 8*m = w*m - 1, k*m = d + 18. What is the units digit of d?
7
Let c = 26 + -15. What is the units digit of c?
1
Suppose 2*w - 14 = 5*d + 51, -5*w - 5*d = -75. What is the units digit of w?
0
Suppose -2 + 5 = -m. Let b = 5 + m. What is the units digit of b?
2
Let t be 1 - (2 - (3 - 2)). Suppose t = -2*d + 5*y - 11, -2*y = 4*d - 0*y - 38. What is the units digit of d?
7
Let o(d) = -d + 7. Let k be o(7). Suppose 5*w - 4*w + 3*t - 37 = k, -w + 2*t = -52. What is the units digit of w?
6
Let a(v) = v + 2. Let p be a(0). Suppose -4*j = 4*l - 80, p*j + 7*l - 38 = 3*l. What is the units digit of j?
1
Let n be ((-3)/9)/(1/(-6)). Let i(o) = 2*o - o**n - 4*o**3 + 1 + o**2. What is the units digit of i(-1)?
3
Let n(m) = m**3 + 3*m**2 - m. Let l be n(2). Let c = l - -5. What is the units digit of c?
3
Let t be (6/9)/((-4)/(-114)). Let i = t + -7. What is the units digit of i?
2
What is the tens digit of (36 - 7)*(-1)/(-1)?
2
Let x be (-3)/(-2 + (-4)/(-4)). Suppose 0 = j - 4*y + 10, 4*j - 17 = -0*y - x*y. What is the units digit of j?
2
Let l be 15*1 + -1*2. Suppose q + 3 = -f - 1, -16 = 5*q + 4*f. What is the units digit of (1 + q)/(1/l)?
3
Let m = 4 + -4. Suppose m*w + 20 = 2*w. What is the tens digit of w?
1
Let k(z) = -z + 3. Suppose 2*i + 48 = 6*i. Suppose -3*r + 5*x = 25, -r + 5*r = -4*x - i. What is the units digit of k(r)?
8
Suppose 2*b + o = -4 - 3, 0 = o - 5. Let c = -1 + 2. What is the units digit of (c*-3)/(b/16)?
8
Let c(p) = p - 6. Let w be c(6). Suppose 2*j = -2 - w. What is the units digit of 2 + (j - (0 - 1))?
2
Let z(f) = -f**2 - f + 3. Let o be z(0). Suppose -o*t + 4*s + 105 = 0, t - 19 = -2*s - 2*s. Let j = t - 22. What is the units digit of j?
9
Suppose -29 - 31 = 5*c. Let p(y) = y**2 + 10*y - 5. What is the units digit of p(c)?
9
What is the tens digit of (-18)/(-12) + (-98)/(-4)?
2
Suppose 0*k - 115 = -5*k. What is the units digit of k?
3
Let x(p) = 3*p + 115. What is the tens digit of x(-29)?
2
Suppose -u + p = -7, -4*u + 2*p + 34 = 8. Suppose u*r = r + 3*z + 62, 0 = 4*z - 4. What is the tens digit of r?
1
Suppose -37 = -2*y + 19. Suppose -4*l = -3*r + y, -20 = r - 2*r + 4*l. Suppose 3*j + 13 = r*z, 0*z = -3*j + 3*z - 9. What is the units digit of j?
1
What is the units digit of (-1 + 236/(-28))/((-2)/84)?
6
Let v = -1 - -3. Suppose 3*o + v*m = 28, -40 = -3*o + o + 4*m. What is the units digit of o?
2
What is the tens digit of (-2 - (3 - -8))*-1?
1
Suppose 0 = -2*o + 5*u + 3, o = 3*o + 4*u - 30. Suppose 4*t = 12 - 0. What is the units digit of ((-4)/t)/((-2)/o)?
6
Suppose 2*u - 6*u - 12 = 4*i, -4*u = i + 3. Let o = u + 0. Suppose -2*b - 4*y + 8 = 2*b, -3*y = o. What is the units digit of b?
2
What is the units digit of -24*-3*(-4)/(-9)?
2
Let f(v) = v**3 + 8*v**2 + 9*v + 5. Let s be f(-6). Suppose -2*b = -d - b + s, -b = 3*d - 53. What is the tens digit of d?
1
Let v be (-2)/(-4) + (-9)/(-6). Suppose v*t = 3*t. Suppose -2*q = 3*d + 13, t*d + 3*d + 10 = -5*q. What is the units digit of q?
1
Let h = 57 - 41. Suppose -3*d - 6 = -5*a + 6, -5*d = -2*a + 20. Let c = h + a. What is the tens digit of c?
1
Suppose -5*y + 1246 = 4*k, 7*y - 2*k + 248 = 8*y. What is the hundreds digit of y?
2
Suppose 3*f - 125 = -2*f + 2*h, 0 = -3*f - 2*h + 59. What is the units digit of f?
3
Suppose a - 139 = -124. What is the units digit of a?
5
Suppose -4*z + 10 = -c, 4 = c - 2*c + z. Let h be (1 + c)/((-3)/(-15)). What is the units digit of (-3)/12 + h/(-4)?
1
Let l be 6 + 0*1/(-1). Suppose 4*w = -4*g + 2*w - 22, -2*g + 4*w + 14 = 0. Let z = l - g. What is the units digit of z?
9
Let q(b) = b**3 + 10*b**2 + 10*b + 10. Let x be (-2)/3 + (-64)/(-6). Let c be 0 - (1/(-1) + x). What is the units digit of q(c)?
1
Suppose -2*t - 3*t + 50 = 0. Suppose t*g + 170 = 15*g. What is the tens digit of g?
3
Let b = 0 + 3. Suppose b*a - 10 = -2*a. Suppose -2*p + p = a*f + 2, -3 = f. What is the units digit of p?
4
Let g(k) = -k**2 - 12*k - 12. Let b(a) = -1. Let u(p) = -2*b(p) + g(p). Let m be u(-12). What is the units digit of (-45)/(-2) - (-15)/m?
1
Let w = -1 + 1. Let v = 11 - w. What is the tens digit of v?
1
Suppose -4*d = 2 - 6. Let b(f) = -d + 2 - 3*f - f + f**2 + 2. What is the units digit of b(5)?
8
Let u = 0 - -3. Suppose 2*h - p - p = 12, -5*h - 2 = u*p. Suppose 0 = -2*b + k - 4*k + 34, 2*b - 34 = -h*k. What is the tens digit of b?
1
Let u = 19 - 14. Suppose 0*o + 5*r = o - 3, -5*o - u*r = -15. What is the units digit of o?
3
Let s = 0 + -5. Let r(o) = 3*o + 17. What is the units digit of r(s)?
2
Let q = -36 - -65. What is the units digit of q?
9
Let f = -6 + 12. Let s(k) = 2*k**2 + 10*k + 1. Let y(p) = p**2 + 9*p + 2. Let v(x) = -2*s(x) + 3*y(x). What is the units digit of v(f)?
0
Suppose -5*v + 2*r + 1096 = 3*r, 0 = -v + 4*r + 236. What is the hundreds digit of v?
2
Let v(z) = z**3 + 11*z**2 + 5*z + 22. What is the tens digit of v(-10)?
7
Suppose 3 = -5*t + 13. Suppose 2*u - 4 = -t. What is the units digit of (-1)/((3/(-9))/u)?
3
Let s(f) = 5*f**2 + 2*f. What is the tens digit of s(-2)?
1
Let t(i) = -i**2 - 8*i + 3. Suppose 9 - 3 = -z. What is the tens digit of t(z)?
1
Let l be 256/(-14) + (-4)/(-14). Suppose -15*w + 10*w = 55. Let a = w - l. What is the units digit of a?
7
Let x(w) = w**2 - 2*w + 2 - w + w - 1. What is the units digit of x(3)?
4
Let y(m) = -m - 4. Let v(f) = -2*f + 3. Let b(i) = 6*i - 10. Let s(c) = 2*b(c) + 7*v(c). Let a be s(3). What is the units digit of y(a)?
1
Let b = 70 + 11. What is the units digit of b?
1
What is the tens digit of ((-7)/(-2))/((-6 - -4)/(-68))?
1
Let t = 8 - 2. Suppose -v + t*v - 15 = 0. Suppose 0*j - j = -v. What is the units digit of j?
3
Let c(x) = 2*x**2 - x + 4. What is the tens digit of c(-5)?
5
Let b be 6/9 + (-26)/(-6). Suppose b*m + 8 + 12 = -4*i, -2*m = 4*i + 20. Suppose m = 5*c - 53 - 12. What is the tens digit of c?
1
Suppose -q + 0*u = 5*u - 13, -3*q + 1 = -4*u. What is the units digit of q?
3
Suppose 5*a = 10*a - 25. What is the units digit of a?
5
Let u = -4 - -3. Let n = u - -3. Suppose -5*f = 4*q - 6, 0 = 4*q + 2 + n. What is the units digit of f?
2
Let z be 13/((-1 - 2) + 2). Let f(g) = -4*g - 6. Let o be f(-6). Let q = o + z. What is the units digit of q?
5
Let f(c) = -c**2 + 6*c + 6. Let g be -6*(-2 + 1) + -1. Let t be f(g). What is the units digit of -1 - (2 + -3 - t)?
1
Let b(g) = -6*g - 3. Suppose 0 = 4*y + y + 10. What is the units digit of b(y)?
9
Let t(b) = 6 - 3*b**2 - b + 2*b**3 - 2*b - 3*b. What is the units digit of t(3)?
5
Let w(a) = a**2 - 4*a + 3. Let n be w(4). Let x be -1*((2 - n) + 2). What is the units digit of -2 - -9 - (0 - x)?
6
Let v = -34 - -7. What is the units digit of 4/(2 - v/(-15))?
0
Suppose 5*h = -l + 71, -l - 475 = -6*l + 5*h. What is the tens digit of l?
9
Suppose w + 16 = 3*w. Suppose -k + i + 21 = w, -2*i = 2. What is the tens digit of